{"id":109,"date":"2023-02-11T10:09:40","date_gmt":"2023-02-11T10:09:40","guid":{"rendered":"http:\/\/localhost:8000\/?page_id=109"},"modified":"2023-06-28T18:59:31","modified_gmt":"2023-06-28T18:59:31","slug":"homepage","status":"publish","type":"page","link":"https:\/\/draft-in.roda.pt\/","title":{"rendered":"Homepage"},"content":{"rendered":"<p>[et_pb_section fb_built=&#8221;1&#8243; admin_label=&#8221;Hero&#8221; _builder_version=&#8221;4.20.2&#8243; _module_preset=&#8221;default&#8221; background_enable_color=&#8221;off&#8221; custom_margin=&#8221;0px||0px||false|false&#8221; custom_padding=&#8221;0px||0px||false|false&#8221; global_colors_info=&#8221;{}&#8221;][et_pb_row module_id=&#8221;sobre&#8221; _builder_version=&#8221;4.20.2&#8243; _module_preset=&#8221;default&#8221; background_enable_color=&#8221;off&#8221; background_image=&#8221;https:\/\/draft-in.roda.pt\/wp-content\/uploads\/2023\/04\/group_01.jpg&#8221; background_blend=&#8221;overlay&#8221; width=&#8221;100%&#8221; max_width=&#8221;none&#8221; min_height=&#8221;80vh&#8221; background_last_edited=&#8221;on|phone&#8221; background_horizontal_offset_tablet=&#8221;35%&#8221; background_horizontal_offset_phone=&#8221;35%&#8221; global_colors_info=&#8221;{}&#8221;][et_pb_column type=&#8221;4_4&#8243; _builder_version=&#8221;4.20.2&#8243; _module_preset=&#8221;default&#8221; global_colors_info=&#8221;{}&#8221;][\/et_pb_column][\/et_pb_row][\/et_pb_section][et_pb_section fb_built=&#8221;1&#8243; admin_label=&#8221;Divider&#8221; _builder_version=&#8221;4.20.2&#8243; _module_preset=&#8221;default&#8221; background_enable_color=&#8221;off&#8221; custom_margin=&#8221;0px||0px||false|false&#8221; custom_padding=&#8221;0px||0px||false|false&#8221; global_colors_info=&#8221;{}&#8221;][et_pb_row custom_padding_last_edited=&#8221;on|phone&#8221; _builder_version=&#8221;4.20.2&#8243; _module_preset=&#8221;default&#8221; width=&#8221;100%&#8221; max_width=&#8221;2560%&#8221; custom_margin=&#8221;0px|0px|0px|0px|false|false&#8221; custom_padding=&#8221;0px|0rem|0px|0rem|false|true&#8221; custom_padding_tablet=&#8221;0px|0rem|0px|0rem|false|true&#8221; custom_padding_phone=&#8221;0px|1rem|0px|1rem|false|true&#8221; global_colors_info=&#8221;{}&#8221;][et_pb_column type=&#8221;4_4&#8243; admin_label=&#8221;Column&#8221; _builder_version=&#8221;4.20.2&#8243; _module_preset=&#8221;default&#8221; global_colors_info=&#8221;{}&#8221;][et_pb_image src=&#8221;https:\/\/draft-in.roda.pt\/wp-content\/uploads\/2023\/03\/pdf-teste-site-V5-fotos-pedidas-copy_trama_group.png&#8221; title_text=&#8221;pdf-teste site &#8211; V5 &#8211; fotos pedidas copy_trama_group&#8221; show_bottom_space=&#8221;off&#8221; _builder_version=&#8221;4.20.2&#8243; _module_preset=&#8221;default&#8221; positioning=&#8221;absolute&#8221; position_origin_a=&#8221;bottom_left&#8221; vertical_offset=&#8221;-3rem&#8221; horizontal_offset=&#8221;2rem&#8221; width=&#8221;100%&#8221; max_width=&#8221;130px&#8221; max_width_tablet=&#8221;100px&#8221; max_width_phone=&#8221;100px&#8221; max_width_last_edited=&#8221;on|tablet&#8221; custom_margin=&#8221;0px|0px|0px|0px|false|false&#8221; custom_padding=&#8221;0px|0px|0px|0px|false|false&#8221; global_colors_info=&#8221;{}&#8221;][\/et_pb_image][\/et_pb_column][\/et_pb_row][\/et_pb_section][et_pb_section fb_built=&#8221;1&#8243; admin_label=&#8221;About&#8221; _builder_version=&#8221;4.20.2&#8243; _module_preset=&#8221;default&#8221; background_enable_color=&#8221;off&#8221; custom_margin=&#8221;0px||0px||false|false&#8221; custom_padding=&#8221;0px||0px||false|false&#8221; global_colors_info=&#8221;{}&#8221;][et_pb_row column_structure=&#8221;2_5,3_5&#8243; module_id=&#8221;about&#8221; _builder_version=&#8221;4.20.2&#8243; _module_preset=&#8221;default&#8221; width=&#8221;85%&#8221; max_width=&#8221;2560px&#8221; custom_margin=&#8221;3rem||3rem||false|false&#8221; custom_margin_tablet=&#8221;3rem||40vh||false|false&#8221; custom_margin_phone=&#8221;3rem||40vh||false|false&#8221; custom_margin_last_edited=&#8221;on|desktop&#8221; global_colors_info=&#8221;{}&#8221;][et_pb_column type=&#8221;2_5&#8243; _builder_version=&#8221;4.20.2&#8243; _module_preset=&#8221;default&#8221; global_colors_info=&#8221;{}&#8221;][et_pb_text _builder_version=&#8221;4.20.2&#8243; _module_preset=&#8221;default&#8221; text_text_color=&#8221;#2D2D2D&#8221; text_font_size=&#8221;14px&#8221; text_line_height=&#8221;1.5em&#8221; link_font=&#8221;Open Sans|600||on||||#B19E60|&#8221; link_text_color=&#8221;#B19E60&#8243; link_font_size=&#8221;17px&#8221; header_3_font=&#8221;Open Sans|600|||||||&#8221; header_3_text_color=&#8221;#B19E60&#8243; header_3_font_size=&#8221;22px&#8221; header_4_font=&#8221;Open Sans|600|||||||&#8221; header_4_font_size=&#8221;25px&#8221; header_4_letter_spacing=&#8221;0px&#8221; header_4_line_height=&#8221;1.4em&#8221; custom_padding=&#8221;0px|2rem|0px|2rem|true|true&#8221; global_colors_info=&#8221;{}&#8221;]<span class=\"destaque\">Na arquitetura, engenharia, constru\u00e7\u00e3o, imobili\u00e1rio e financiamento, estamos presentes de A a Z em todo o processo.<\/span><\/p>\n<p>Sedeada no concelho de Cascais, a DRAFT-IN GROUP \u00e9 um grupo empresarial, formado por um grupo de empresas multidisciplinares focadas para todas as \u00e1reas que envolvem o sector da edifica\u00e7\u00e3o.<\/p>\n<p>\u00c9 nossa miss\u00e3o prestar servi\u00e7os com qualidade, efici\u00eancia, responsabilidade e integridade a todos os nossos clientes particulares, empresariais, institucionais e municipais.<\/p>\n<p>O grupo \u00e9 formado pela empresa DRAFT-IN CONCEPT, pela empresa DRAFT-IN HOMES e pela empresa DRAFT-IN FINANCE.[\/et_pb_text][\/et_pb_column][et_pb_column type=&#8221;3_5&#8243; _builder_version=&#8221;4.20.2&#8243; _module_preset=&#8221;default&#8221; global_colors_info=&#8221;{}&#8221;][\/et_pb_column][\/et_pb_row][\/et_pb_section][et_pb_section fb_built=&#8221;1&#8243; admin_label=&#8221;Hero&#8221; module_id=&#8221;empresas&#8221; _builder_version=&#8221;4.20.2&#8243; _module_preset=&#8221;default&#8221; background_enable_color=&#8221;off&#8221; custom_margin=&#8221;0px||0px||false|false&#8221; custom_padding=&#8221;0px||0px||false|false&#8221; global_colors_info=&#8221;{}&#8221;][et_pb_row _builder_version=&#8221;4.20.2&#8243; _module_preset=&#8221;default&#8221; background_enable_color=&#8221;off&#8221; background_image=&#8221;https:\/\/draft-in.roda.pt\/wp-content\/uploads\/2023\/05\/foto-group_2.jpg&#8221; background_blend=&#8221;overlay&#8221; width=&#8221;100%&#8221; max_width=&#8221;none&#8221; min_height=&#8221;80vh&#8221; background_last_edited=&#8221;on|phone&#8221; background_position_tablet=&#8221;top_right&#8221; background_horizontal_offset_tablet=&#8221;29%&#8221; background_horizontal_offset_phone=&#8221;50%&#8221; background_vertical_offset_phone=&#8221;10%&#8221; global_colors_info=&#8221;{}&#8221;][et_pb_column type=&#8221;4_4&#8243; _builder_version=&#8221;4.20.2&#8243; _module_preset=&#8221;default&#8221; global_colors_info=&#8221;{}&#8221;][\/et_pb_column][\/et_pb_row][\/et_pb_section][et_pb_section fb_built=&#8221;1&#8243; admin_label=&#8221;Divider&#8221; _builder_version=&#8221;4.20.2&#8243; _module_preset=&#8221;default&#8221; background_enable_color=&#8221;off&#8221; custom_margin=&#8221;0px||0px||false|false&#8221; custom_padding=&#8221;0px||0px||false|false&#8221; global_colors_info=&#8221;{}&#8221;][et_pb_row custom_padding_last_edited=&#8221;on|phone&#8221; _builder_version=&#8221;4.20.2&#8243; _module_preset=&#8221;default&#8221; width=&#8221;100%&#8221; max_width=&#8221;2560%&#8221; custom_margin=&#8221;0px|0px|0px|0px|false|false&#8221; custom_padding=&#8221;0px|0rem|0px|0rem|false|true&#8221; custom_padding_tablet=&#8221;0px|0rem|0px|0rem|false|true&#8221; custom_padding_phone=&#8221;0px|1rem|0px|1rem|false|true&#8221; global_colors_info=&#8221;{}&#8221;][et_pb_column type=&#8221;4_4&#8243; admin_label=&#8221;Column&#8221; _builder_version=&#8221;4.20.2&#8243; _module_preset=&#8221;default&#8221; global_colors_info=&#8221;{}&#8221;][et_pb_image src=&#8221;https:\/\/draft-in.roda.pt\/wp-content\/uploads\/2023\/03\/pdf-teste-site-V5-fotos-pedidas-copy_trama_group.png&#8221; title_text=&#8221;pdf-teste site &#8211; V5 &#8211; fotos pedidas copy_trama_group&#8221; show_bottom_space=&#8221;off&#8221; _builder_version=&#8221;4.20.2&#8243; _module_preset=&#8221;default&#8221; positioning=&#8221;absolute&#8221; position_origin_a=&#8221;bottom_left&#8221; vertical_offset=&#8221;-3rem&#8221; horizontal_offset=&#8221;2rem&#8221; width=&#8221;100%&#8221; max_width=&#8221;130px&#8221; max_width_tablet=&#8221;100px&#8221; max_width_phone=&#8221;100px&#8221; max_width_last_edited=&#8221;on|tablet&#8221; custom_margin=&#8221;0px|0px|0px|0px|false|false&#8221; custom_padding=&#8221;0px|0px|0px|0px|false|false&#8221; global_colors_info=&#8221;{}&#8221;][\/et_pb_image][\/et_pb_column][\/et_pb_row][\/et_pb_section][et_pb_section fb_built=&#8221;1&#8243; admin_label=&#8221;Companies&#8221; _builder_version=&#8221;4.20.2&#8243; _module_preset=&#8221;default&#8221; background_enable_color=&#8221;off&#8221; custom_margin=&#8221;0px||0px||false|false&#8221; custom_padding=&#8221;0px||1px||false|false&#8221; global_colors_info=&#8221;{}&#8221;][et_pb_row column_structure=&#8221;2_5,3_5&#8243; module_id=&#8221;companies&#8221; _builder_version=&#8221;4.20.2&#8243; _module_preset=&#8221;default&#8221; width=&#8221;85%&#8221; max_width=&#8221;2560px&#8221; custom_margin=&#8221;3rem|auto|3rem|auto|false|false&#8221; custom_margin_tablet=&#8221;3rem||40vh||false|false&#8221; custom_margin_phone=&#8221;3rem||40vh||false|false&#8221; custom_margin_last_edited=&#8221;on|desktop&#8221; hover_enabled=&#8221;0&#8243; global_colors_info=&#8221;{}&#8221; sticky_enabled=&#8221;0&#8243;][et_pb_column type=&#8221;2_5&#8243; _builder_version=&#8221;4.20.2&#8243; _module_preset=&#8221;default&#8221; global_colors_info=&#8221;{}&#8221;][et_pb_text admin_label=&#8221;Text&#8221; _builder_version=&#8221;4.20.2&#8243; _module_preset=&#8221;default&#8221; text_text_color=&#8221;#2D2D2D&#8221; text_font_size=&#8221;14px&#8221; text_line_height=&#8221;1.5em&#8221; link_font=&#8221;Open Sans|600||on||||#B19E60|&#8221; link_text_color=&#8221;#B19E60&#8243; link_font_size=&#8221;17px&#8221; header_3_font=&#8221;Open Sans|600|||||||&#8221; header_3_text_color=&#8221;#B19E60&#8243; header_3_font_size=&#8221;22px&#8221; header_4_font=&#8221;Open Sans|600|||||||&#8221; header_4_font_size=&#8221;25px&#8221; header_4_letter_spacing=&#8221;0px&#8221; header_4_line_height=&#8221;1.4em&#8221; custom_padding=&#8221;0px|2rem|0px|2rem|true|true&#8221; global_colors_info=&#8221;{}&#8221;]<span class=\"destaque\">Garantimos aos nossos clientes uma solu\u00e7\u00e3o \u201cchave na m\u00e3o\u201d, atrav\u00e9s de um servi\u00e7o completo, integrado e simplificado.<\/span><\/p>\n<p>As empresas do grupo s\u00e3o compostas por v\u00e1rias equipas, constitu\u00eddas por arquitetos, engenheiros, pessoal de obra qualificado, consultores imobili\u00e1rios, coordenadores de ag\u00eancia, pessoal administrativo, proporcionando um conhecimento abrangente no seu \u00e2mbito de a\u00e7\u00e3o.<\/p>\n<p>A DRAFT-IN GROUP, no seu todo, conta com um quadro de pessoal com cerca de 60 colaboradores, prezando um ambiente colaborativo, na medida em que acredita que a proximidade \u00e9 fundamental, para a valoriza\u00e7\u00e3o de cada colaborador atrav\u00e9s de qualidades que nos distinguem.[\/et_pb_text][\/et_pb_column][et_pb_column type=&#8221;3_5&#8243; _builder_version=&#8221;4.20.2&#8243; _module_preset=&#8221;default&#8221; global_colors_info=&#8221;{}&#8221;][\/et_pb_column][\/et_pb_row][et_pb_row column_structure=&#8221;1_3,1_3,1_3&#8243; use_custom_gutter=&#8221;on&#8221; gutter_width=&#8221;4&#8243; make_equal=&#8221;on&#8221; _builder_version=&#8221;4.20.2&#8243; _module_preset=&#8221;default&#8221; width=&#8221;85%&#8221; max_width=&#8221;1493px&#8221; custom_margin=&#8221;0px|auto|9rem|auto|false|false&#8221; custom_padding=&#8221;0px|2rem||2rem|false|false&#8221; hover_enabled=&#8221;0&#8243; global_colors_info=&#8221;{}&#8221; custom_css_main_element_last_edited=&#8221;on|desktop&#8221; sticky_enabled=&#8221;0&#8243;][et_pb_column type=&#8221;1_3&#8243; admin_label=&#8221;Column&#8221; _builder_version=&#8221;4.20.2&#8243; _module_preset=&#8221;default&#8221; global_colors_info=&#8221;{}&#8221;][et_pb_blurb url=&#8221;https:\/\/draftin-concept.roda.pt&#8221; image_icon_background_color=&#8221;#1F2522&#8243; image=&#8221;https:\/\/draft-in.roda.pt\/wp-content\/uploads\/2023\/04\/concept.png&#8221; alt=&#8221;Draftin Conception&#8221; image_icon_width=&#8221;100%&#8221; _builder_version=&#8221;4.20.2&#8243; _module_preset=&#8221;default&#8221; body_font=&#8221;|||on|||||&#8221; image_icon_custom_padding=&#8221;6rem|3rem|6rem|3rem|true|true&#8221; custom_margin_tablet=&#8221;|auto||auto|false|true&#8221; custom_margin_phone=&#8221;|auto||auto|false|true&#8221; custom_margin_last_edited=&#8221;on|phone&#8221; link_option_url=&#8221;https:\/\/draftin-concept.roda.pt&#8221; custom_css_main_element=&#8221;max-width: 250px&#8221; global_colors_info=&#8221;{}&#8221;]<\/p>\n<ul>\n<li>Arquitetura<\/li>\n<li>engenharia<\/li>\n<li>constru\u00e7\u00e3o<\/li>\n<\/ul>\n<p>[\/et_pb_blurb][\/et_pb_column][et_pb_column type=&#8221;1_3&#8243; _builder_version=&#8221;4.20.2&#8243; _module_preset=&#8221;default&#8221; global_colors_info=&#8221;{}&#8221;][et_pb_blurb url=&#8221;https:\/\/draftinhomes.pt&#8221; image_icon_background_color=&#8221;#002847&#8243; image=&#8221;https:\/\/draft-in.roda.pt\/wp-content\/uploads\/2023\/02\/homes_white.png&#8221; alt=&#8221;Draftin Finance&#8221; image_icon_width=&#8221;100%&#8221; _builder_version=&#8221;4.20.2&#8243; _module_preset=&#8221;default&#8221; body_font=&#8221;|||on|||||&#8221; image_icon_custom_padding=&#8221;6rem|3rem|6rem|3rem|true|true&#8221; custom_margin=&#8221;|auto||auto|false|true&#8221; link_option_url=&#8221;https:\/\/draftinhomes.pt&#8221; custom_css_main_element=&#8221;max-width: 250px&#8221; global_colors_info=&#8221;{}&#8221;]<\/p>\n<ul>\n<li>Imobili\u00e1ria<\/li>\n<li>Gest\u00e3o Imobili\u00e1ria<\/li>\n<li>Consultoria Imobili\u00e1ria<\/li>\n<\/ul>\n<p>[\/et_pb_blurb][\/et_pb_column][et_pb_column type=&#8221;1_3&#8243; _builder_version=&#8221;4.20.2&#8243; _module_preset=&#8221;default&#8221; global_colors_info=&#8221;{}&#8221;][et_pb_blurb url=&#8221;https:\/\/draftin-finance.roda.pt&#8221; image_icon_background_color=&#8221;#6D0D20&#8243; image=&#8221;https:\/\/draft-in.roda.pt\/wp-content\/uploads\/2023\/02\/finance_white.png&#8221; alt=&#8221;Draftin Finance&#8221; image_icon_width=&#8221;100%&#8221; _builder_version=&#8221;4.20.2&#8243; _module_preset=&#8221;default&#8221; body_font=&#8221;|||on|||||&#8221; image_icon_custom_padding=&#8221;6rem|3rem|6rem|3rem|true|true&#8221; custom_margin=&#8221;|||auto|false|false&#8221; custom_margin_tablet=&#8221;|auto|||false|false&#8221; custom_margin_phone=&#8221;|auto|||false|false&#8221; custom_margin_last_edited=&#8221;on|tablet&#8221; link_option_url=&#8221;https:\/\/draftin-finance.roda.pt&#8221; custom_css_main_element=&#8221;max-width: 250px&#8221; global_colors_info=&#8221;{}&#8221;]<\/p>\n<ul>\n<li>Financiamento Imobili\u00e1rio<\/li>\n<\/ul>\n<p>[\/et_pb_blurb][\/et_pb_column][\/et_pb_row][\/et_pb_section]<\/p>\n","protected":false},"excerpt":{"rendered":"<p>Na arquitetura, engenharia, constru\u00e7\u00e3o, imobili\u00e1rio e financiamento, estamos presentes de A a Z em todo o processo. Sedeada no concelho de Cascais, a DRAFT-IN GROUP \u00e9 um grupo empresarial, formado por um grupo de empresas multidisciplinares focadas para todas as \u00e1reas que envolvem o sector da edifica\u00e7\u00e3o. \u00c9 nossa miss\u00e3o prestar servi\u00e7os com qualidade, efici\u00eancia, [&hellip;]<\/p>\n","protected":false},"author":1,"featured_media":0,"parent":0,"menu_order":0,"comment_status":"closed","ping_status":"closed","template":"","meta":{"_et_pb_use_builder":"on","_et_pb_old_content":"","_et_gb_content_width":"","footnotes":""},"class_list":["post-109","page","type-page","status-publish","hentry"],"_links":{"self":[{"href":"https:\/\/draft-in.roda.pt\/index.php\/wp-json\/wp\/v2\/pages\/109","targetHints":{"allow":["GET"]}}],"collection":[{"href":"https:\/\/draft-in.roda.pt\/index.php\/wp-json\/wp\/v2\/pages"}],"about":[{"href":"https:\/\/draft-in.roda.pt\/index.php\/wp-json\/wp\/v2\/types\/page"}],"author":[{"embeddable":true,"href":"https:\/\/draft-in.roda.pt\/index.php\/wp-json\/wp\/v2\/users\/1"}],"replies":[{"embeddable":true,"href":"https:\/\/draft-in.roda.pt\/index.php\/wp-json\/wp\/v2\/comments?post=109"}],"version-history":[{"count":87,"href":"https:\/\/draft-in.roda.pt\/index.php\/wp-json\/wp\/v2\/pages\/109\/revisions"}],"predecessor-version":[{"id":541,"href":"https:\/\/draft-in.roda.pt\/index.php\/wp-json\/wp\/v2\/pages\/109\/revisions\/541"}],"wp:attachment":[{"href":"https:\/\/draft-in.roda.pt\/index.php\/wp-json\/wp\/v2\/media?parent=109"}],"curies":[{"name":"wp","href":"https:\/\/api.w.org\/{rel}","templated":true}]}}